j. Let z be 0/(4/((-4)/2)). Let o be d(z). Let n(y) = y + 7. What is n(o)?
2
Let z(n) = n**3 + 3*n**2 - 4*n + 2. Let w be z(-4). Let k(r) = -3 - 12*r**w + r + 15*r**3 - 14*r**3 + 3*r**2. Calculate k(9).
6
Let i(j) = -j**2 + 2*j - 1. Let h be (28/(-8))/(-2*2/(-48)). Let m = -38 - h. Suppose -3*n = -m*q - 16, -3*n - 4*q = n - 12. Give i(n).
-9
Let l = -99 - -93. Let k(o) = 3*o - 11. Let u(x) = -x + 4. Let p(m) = l*k(m) - 17*u(m). What is p(-3)?
1
Let u = 10 - 7. Let h(n) = -1 + u - 2 - 13*n. Suppose 5 = -191*z + 186*z. What is h(z)?
13
Let a(u) = -64*u**2 + 30*u**2 + 25*u + 16*u**2 + 29 + 19*u**2. Give a(-12).
-127
Let f(j) = -j - 16. Let w(u) = -2*u**3 - 15*u**2 - 52*u - 328. Let y be w(-7). What is f(y)?
-3
Let l(c) = -6*c**2 - 133*c - 8. Suppose -426*y + 427*y + 19 = -3*z, 108 = -5*y - 2*z. Calculate l(y).
14
Let f(z) be the third derivative of -z**6/360 + z**5/10 - z**4/8 + 35*z**3/3 - 90*z**2. Let s(b) be the first derivative of f(b). Determine s(12).
-3
Let r(g) = 3*g**2 + 5*g + 2. Let q be 6/(-30)*-24 + (-1)/(-5). Let x(c) = 4*c**2 + 6*c + 3. Let w(j) = q*x(j) - 6*r(j). Determine w(0).
3
Let a(l) = l**2 + l - 1. Let j(s) = 6*s. Let t be j(-1). Let i be (-2)/t + (-28)/(-6). Suppose -8 = b - i*b. What is a(b)?
5
Let t be (-7*(-28)/49)/(6 + -4). Let c(d) = -15*d - 4. What is c(t)?
-34
Let p(g) = -2*g**2 - 69*g - 27. Let j be p(-34). Let d(v) = 345 - 167 - v**3 - 169 + j*v**2 - 2*v**2. Give d(5).
9
Let n(z) = z**2 + 7*z - 2. Let i(s) be the third derivative of -s**5/30 - s**4/3 + s**3/2 + 80*s**2. Let d(c) = -2*i(c) - 3*n(c). Calculate d(4).
-4
Let a(r) be the first derivative of -3*r**2/2 + 10*r + 112. Calculate a(6).
-8
Let d(i) be the second derivative of i**3/3 - 16*i**2 - 80*i + 1. Calculate d(11).
-10
Let g(f) = -f**2 - f + 1. Let d(t) = -t - 3. Let h be d(-6). Let w be -1 - (-3 + 0) - (0 + -6). Suppose -r = h*r + w. Calculate g(r).
-1
Let o(k) = 8*k - 56. Let m(h) = 9*h - 49. Let g(x) = -3*m(x) + 4*o(x). Calculate g(16).
3
Let q(g) = -g**2 - 15*g - 8. Let x = 36093 + -36101. Determine q(x).
48
Let v be (-20)/6*18/15 + 9. Suppose -v*g + 4 + 1 = 0, 30 = 5*c + 5*g. Let s(b) = -b**2 + b + 5. Calculate s(c).
-15
Let p(r) be the first derivative of 2*r**2 - 2*r + 236. Suppose 20 = -5*q + 5. Let h = 7 + q. Calculate p(h).
14
Let w(p) = -5*p**2 - 18*p - 335 + 46*p + 2*p**2 + 2*p**2 + 147. What is w(15)?
7
Let y(t) = 4*t**2 + 13*t + 8. Let o(k) = 3*k**2 - 3*k. Let p(i) = -o(i) + y(i). Give p(-16).
8
Let b = 106 - 121. Let i(u) = 5*u + 71. Let m be i(b). Let l(j) = -j**2 - 6*j. Determine l(m).
8
Let o(v) be the second derivative of -1/12*v**4 + 8/3*v**3 + 12*v**2 + 0 + 31*v. Give o(17).
7
Let f(a) = 13 + 30*a**2 + 30*a - 13 - 29*a - 8*a**2. What is f(-1)?
21
Let j(h) = -h**3 + 4*h**2 + 8*h - 6. Let i(o) = -7 + 5 - 4 - 3*o. Let u be i(-15). Let q = -34 + u. What is j(q)?
9
Let a(f) be the third derivative of -11*f**4/24 - 37*f**3/6 - 3*f**2 - 111*f - 1. What is a(-2)?
-15
Let j = -180 + 334. Let n = -156 + j. Let f(o) = -o**3 - 2*o**2 - 2*o + 1. Determine f(n).
5
Let y(w) = -w**2 + 13*w - 13. Suppose -9*h + 7*h = 2*d - 30, 3*h + 5*d = 51. Determine y(h).
-1
Suppose 83 - 63 = 4*z - 2*s, 0 = -5*s - 40. Let q(a) = 5*a**3. Determine q(z).
5
Let g(s) be the second derivative of -s**4/6 - s**3/3 + s**2 - 22*s. Suppose -5*w - 3*q = -28, 5*w + 1339*q - 22 = 1337*q. What is g(w)?
-10
Suppose -h - 49 = -h + 7*h. Let p(w) = w**2 + 13*w + 26. Determine p(h).
-16
Let o(b) = 20. Let f(w) = -19*w - 94. Let g(u) = f(u) + 4*o(u). Give g(-2).
24
Let c(f) = -7*f**3 + 21*f**2 - 57*f - 61. Let q(g) = -38*g**3 + 106*g**2 - 285*g - 312. Let w(p) = -11*c(p) + 2*q(p). Give w(15).
2
Let s = -6904 - -6904. Let p(h) be the second derivative of -2*h**2 + 5*h + s - 1/6*h**3. Determine p(-5).
1
Let q(k) = 3*k**2 + 11*k + 11. Let u(o) = -1 - 603525*o**2 + 603526*o**2 + 4*o + 5. Let f be 2/((-4)/(-22)*-1). Let t(j) = f*u(j) + 4*q(j). Calculate t(-1).
1
Let s(k) be the second derivative of k**3/6 - k**2 - 129*k. Let t be (-15)/(3 - 3/2). Let c be 2/t + 6/30. Determine s(c).
-2
Let y(i) = -8*i**2 - 6487*i**3 - 19 + 3250*i**3 + 13*i + 3238*i**3. Give y(8).
85
Let g(m) be the third derivative of -m**4/6 + 9*m**3/2 - 17*m**2. Let w be g(7). Let x(k) = 24*k - 1. What is x(w)?
-25
Let c(n) be the second derivative of -n**4/6 + 5*n**3 + n**2 - n + 42. What is c(17)?
-66
Let b(t) = 2 + 5 + 386*t**2 - 8 - 382*t**2. Give b(5).
99
Let q(l) = l**2 + 5*l - 7. Suppose -5*w = -2*w - 12. Let a be (-6)/4 + (2/w - 2). Let g be 48/(-6) + a + 5. Determine q(g).
-1
Let i(l) = l**3 - 25*l**2 - 55*l + 29. Let d be 15 + (140/20 - -5). Give i(d).
2
Let l(j) = j**3 - 10*j**2 - j + 9. Let b = 6826 + -6816. Determine l(b).
-1
Let y(z) = 3*z**2 + 24*z - 20. Let s be y(-11). Let x = -84 + s. Let g(i) = i**3 + 4*i**2 - 2*i + 7. Give g(x).
-8
Let c(a) = -78*a - 242 + 14*a + 32*a + 32*a + 34*a. Determine c(7).
-4
Suppose -4*q = -b + 5*b + 40, -2*b - 16 = q. Let m(t) = -t**3 - 3*t**2 + t - 7. Determine m(q).
5
Let u(y) be the third derivative of -y**6/120 + 7*y**5/20 - 3*y**4/4 - 13*y**3/2 + 13*y**2 + 11. Calculate u(20).
1
Let t(b) = -5*b + 20. Let a be 16*(24 + 2418/(-104)). Give t(a).
-40
Let z be 1*(36/42)/(2/7). Let b(c) = 18*c - 37. Determine b(z).
17
Let t(l) = -l**3 - 17*l**2 + 110*l + 10. Let n be t(-22). Let m(v) = v**3 - 9*v**2 - 11*v + 17. Calculate m(n).
7
Let o(h) = -2*h**2 - 245*h + 121. Let t be o(-123). Let l(f) = 7*f**2 + 3*f + 4. Calculate l(t).
26
Let y = 403 + -353. Let u(x) = -20 + 0*x**2 + 2*x**2 + 8*x - 23 + y. What is u(-5)?
17
Let x = 42 - -106. Suppose 4 - x = 18*r. Let j(o) = -o**2 - 7*o + 1. What is j(r)?
-7
Let o(h) = -2*h**2 - 29*h - 4. Let r(p) = p**2 + 6*p - 1. Let g(d) = o(d) + 4*r(d). Determine g(5).
17
Let w(y) = 2*y + 4. Let n(i) = i**2 + i - 1. Let k(l) = -2*n(l) - w(l). Let b = -17112 + 17110. Determine k(b).
-2
Let o(i) be the first derivative of i**7/840 + 7*i**6/360 + i**5/120 + i**4/8 + 38*i**3/3 - 6. Let r(s) be the third derivative of o(s). Give r(-3).
36
Let h(p) = p**3 + 3*p**2 + 3*p + 8. Let k be h(-2). Suppose -26*i + 32 - k = 0. Let v(u) = -u - 1. What is v(i)?
-2
Let j be 15/((25 - 4) + -26). Let h(y) = 3*y - 2 - 2 + 7. Calculate h(j).
-6
Let f(n) = -22*n - 16*n - 7 + 68*n - 24*n - 26*n. Calculate f(-1).
13
Let s(v) be the second derivative of v**5/20 + v**4/3 + v**3/6 + 16*v. Let c be s(-3). Let o(n) = -20 + 11 + 3*n + 0. Determine o(c).
9
Let p(n) = 18*n**3 - 7*n**3 + 10*n - 12*n**3 + 236 - 8*n**2 - 236. Determine p(-9).
-9
Let f(q) = -2*q**2 - 30*q - 17. Suppose -o - 5*b + 3 - 2 = 0, -5*o = 3*b + 61. What is f(o)?
11
Let n be (-17 - 148)/(-33)*(-3 - 0). Let t(j) = j**3 + 16*j**2 + 14*j - 33. Give t(n).
-18
Let p(v) = -v**2 + 23*v - 135. Let j = 12931 - 12922. Give p(j).
-9
Let n(u) = -u**3 + 7*u**2 + 8*u - 9. Let k(x) = -5*x**3 + 29*x**2 + 33*x - 37. Let h(b) = 2*k(b) - 9*n(b). What is h(-5)?
37
Let l(h) = 3*h - 1. Let g(t) be the second derivative of -1/20*t**5 + 0 - t + 0*t**4 - 3*t**2 + 5/6*t**3. Let v be g(2). Give l(v).
-13
Suppose -2 + 0 = 2*o. Let u(s) = -10*s + 114785 - 229568 + 114781. Give u(o).
8
Let x(f) = f - 2. Let p be x(8). Suppose 3*n - 6 = 6*n + 3*d, 18 = 5*n - 2*d. Let h(c) = -7*c**n - 5*c - 1 - 6 + 8*c**2 - c. Give h(p).
-7
Let o(a) = 20 - 3*a + 34 + 4*a - 55. Let c be -4 - 6/((-8)/(-4)). What is o(c)?
-8
Let f(c) be the third derivative of -5*c**2 + 4 - 1/12*c**4 + 1/20*c**5 + 1/2*c**3 + 0*c. What is f(2)?
11
Let o(m) = 3*m**3 - 17*m**2 + 20*m + 7. Let z(w) = w**3 - 5*w**2 + w. Let u(c) = -o(c) + 2*z(c). Give u(5).
-47
Suppose 2*a = 4*x - 20, -4*a = 5*x - x - 8. Let w(f) = 4*f + 7. Let d(o) = -7 - 3 + 4 + 4 - 5*o - 5. Let u(b) = a*d(b) - 3*w(b). Calculate u(-5).
3
Let g(r) = r**3 - 29*r**2 + r - 26. Let n be g(29). Let b(i) = -27*i - 27*i - 26*i + 70*i + n. Calculate b(2).
-17
Let x(b) be the first derivative of -b**4/4 + b**3/3 + 2*b**2 - 2*b - 6257. Determine x(6).
-158
Let b(d) = -d**2 + 6*d + 2. Let t = 261 - 246. Suppose -z + 3*x = 10, -t = -0*z - 2*z - x. Determine b(z).
7
Let j(h) be the first derivative of -h**4/4 + 27*h**2/2 - h - 952. Give j(5).
9
Let v = 8309 + -8316. Let z be (-8)/14*(-7)/2. Let m(y) = -3*y**z + 1 - y**3 - 5*y**2 + 3 - 7*y. What is m(v)?
4
Let z(i) = 3*i + 4. Let w(g) = -1 - 3 - 1 + 6. Let q(s) = -5*w(s) +